(-30) - 3*2/(-15) a composite number?
True
Let o be (-2070)/(-8) - (-1)/4. Let g = 172 - o. Let m = g - -154. Is m a composite number?
False
Let n(j) = 6*j**2 - 19*j + 1. Is n(14) a composite number?
False
Let v(s) = s**3 + 12*s**2 - 12*s + 15. Suppose 86 + 4 = 9*m. Is v(m) composite?
True
Let o = -143 + 614. Is o a prime number?
False
Suppose -16 = -10*k + 6*k. Suppose 0 = -k*b + 3*l + 8862, 4*b - 2*l - 8858 = 3*l. Is b composite?
True
Suppose 0 = -s + 5, -4*s = -0*v - v + 63. Let c be 1/(-1*(0 + 1)). Is v/(c + -1 + 3) prime?
True
Suppose -7 = -5*z + 8, 4*z = 2*x - 36. Suppose -x*q - 4358 = -26*q. Is q a composite number?
False
Suppose 18 = 4*y - 2*y. Let d(j) = 2*j**3 + 6*j**2 + 8*j + 4. Let i(m) = m**3 + 6*m**2 + 7*m + 5. Let v(s) = 2*d(s) - 3*i(s). Is v(y) a composite number?
False
Suppose 9644 = 5*q - 0*r + 3*r, -5*r + 9650 = 5*q. Is q composite?
True
Let v be ((-45)/(-15))/(3/4). Suppose 3*k + 12 = 0, -5*k = v*b + 88 - 344. Is b prime?
False
Suppose 0*v = 7*v - 2513. Suppose 349 = 4*d - v. Is d a prime number?
False
Let r(c) = 533*c**3 - 2*c**2 + 20*c - 54. Is r(3) prime?
False
Suppose 0 = o + 4*a + 14, 5*a = o - 26 + 4. Let h = 1 + o. Is -3 + 96*h/2 a prime number?
False
Let q(o) = -43*o**3 + 2*o**2 - 2*o - 3. Let m(r) = r**2 - r + 3. Let x be m(0). Let b be q(x). Let z = b + 1821. Is z a composite number?
True
Let s be 4/6 - 42204/(-36). Suppose -500 = -2*v - 2012. Let c = v + s. Is c a prime number?
False
Let d(g) = -g + 12. Let a be d(9). Suppose -7*b + 3*u + 188 = -a*b, 4*u + 94 = 2*b. Is b a composite number?
False
Suppose -15 = -p - f + 5*f, -4*p = 4*f. Suppose -2337 = -p*y - a, -2864 - 252 = -4*y - 5*a. Is y a prime number?
False
Suppose -x + 19 = -2*f, 8*x - 4*f = 3*x + 71. Is 87*x/3 + -2 prime?
True
Is 8/(-56) + 137160/14 composite?
True
Let g = 13214 - -377. Is g a prime number?
True
Let y(l) = 14*l**3 + 1. Let m be (-32)/6*(-33)/(-22). Let c be (m/2)/((-14)/7). Is y(c) a prime number?
True
Let c(a) be the second derivative of 5*a**3/3 - 3*a**2/2 - 29*a. Let m = 17 - 8. Is c(m) composite?
True
Let f(j) = -j**3 - 10*j**2 - 14*j - 3. Let l be f(-11). Suppose 20 = -7*w + l. Is (w/8)/3*478 a prime number?
False
Suppose 0*w + 4*f - 5 = -w, -4*f - 15 = -3*w. Let q(g) = -2*g**2 + 9*g**3 + 7*g**3 - w + 0 + 0*g**3. Is q(3) a composite number?
False
Let v be (-37 + -3 + 1)/1. Let z be 4/26 + (-306)/v. Let w(d) = 5*d - 1. Is w(z) prime?
False
Suppose -2*s + 21522 = 5*a - 78554, -a = s - 20017. Is a a prime number?
False
Let g(d) = 40*d - 26. Is g(1) prime?
False
Suppose -2*f = -f - 3*t, 4*f - t - 22 = 0. Suppose -f*q + 439 = -35. Is q a prime number?
True
Let l(g) = g**2 + 2*g + 22. Let n be l(9). Suppose n = w - 36. Is w composite?
False
Suppose -16*b + 90 = -13*b. Is (-13606)/(-10) + (192/b - 6) a prime number?
True
Let v(l) = l**3 + 19*l**2 + 12*l + 12. Let p be v(-11). Let z = p - 577. Is z prime?
True
Suppose -3*n = n - 2956. Is (-7 - -3)*n/(-4) a prime number?
True
Is (7 - (-319926)/(-12))*2/(-3) prime?
False
Let r = 31515 + -16606. Is r prime?
False
Let f be (1*1050/3)/(4/(-6)). Let x = -290 - f. Is x prime?
False
Suppose -73 - 42 = -5*d. Let q = 26 - d. Suppose -240 = -4*s + q*j, 4*s - 2*j - 261 + 25 = 0. Is s composite?
True
Let t(w) = w**2 + 9*w + 21377. Is t(0) prime?
True
Let w(c) = -c**3 - 4*c**2 + c + 8. Let r be w(-4). Suppose 5*t + 3381 = r*n, -5*n + 4185 - 15 = 5*t. Is n composite?
False
Let a be (-6)/(-4)*14/21. Let y be 2 + -8 - a*-1. Let m(d) = -22*d + 3. Is m(y) composite?
False
Let b = 36 + -36. Suppose 0 = 3*h - j - 233, -7*h + 3*h - 2*j + 324 = b. Is h a prime number?
True
Let k = 0 - 0. Suppose k*v - v = 2*y - 395, 4*y + v - 795 = 0. Suppose -5*p = -y + 25. Is p a prime number?
False
Let f = -54580 - -100629. Is f a composite number?
False
Suppose -4*t - 3*r + 5439 = 0, -3*r + r = 3*t - 4078. Suppose -2*n + t = 2*n. Suppose -5*k + 56 = -n. Is k a composite number?
False
Let w = 66 - 70. Let s(l) = 7*l**2 + 11*l + 21. Is s(w) prime?
True
Let f be 1173/68 - 2/8. Is ((-18)/2)/(-3)*f composite?
True
Let q be (0/(6/(-2)))/(-1). Suppose -k + 2*k = q. Suppose -5*g + 11 = -2*o - 2, -3*o + 4*g - 2 = k. Is o a composite number?
True
Let g be 1*2*-4*(-37 + 36). Suppose 0 = 2*k - g, -3*f - 207 = -3*k - 948. Is f prime?
True
Let t be 1430/8 - (-21)/(-28). Suppose 3*m - t = -p, 0*p + 923 = 5*p + 4*m. Is p prime?
False
Let r = 169 + -168. Let y = 1781 + -1147. Is r*3/6*y a composite number?
False
Suppose 5*p + 10 = -0. Let n be p/1 + (868 - -9). Suppose 5*d + 240 = n. Is d prime?
True
Let j(l) = -1078*l + 43. Is j(-3) a prime number?
False
Suppose 3*o - 45 + 36 = 0. Suppose -o*h - 2*h = 0, 1479 = 3*i - h. Is i composite?
True
Suppose -279 = -4*l - 5*y, y + 0*y = 2*l - 157. Suppose -l = -4*g + 5*g. Let q = g - -165. Is q prime?
True
Suppose r - 3*i + 14 = 3*r, 3*r - 2 = 5*i. Let t be 214 - (2 - -2 - 2). Suppose 0*j = r*j - t. Is j a prime number?
True
Let w(y) = 33*y**2 + 44*y - 39. Is w(-14) composite?
False
Let h(u) = -917*u**3 - 2*u**2 - 2*u - 14. Is h(-3) composite?
False
Suppose 4*p + 24 = -4*y, 10 = 5*p + y + 36. Let m(w) = -w**3 + 8*w**2 + 16*w + 6. Let d be m(-6). Let s = p + d. Is s prime?
True
Suppose 3*y = -19959 + 55596. Is y prime?
False
Let u(n) = 12*n + 1. Let s(c) = -c**3 + 4*c**2 + 5*c - 3. Let p be s(5). Let k(d) = -d**3 - d**2 + 4*d + 3. Let j be k(p). Is u(j) a composite number?
False
Suppose n - 5*l = -3*l - 19, 4*l = -5*n - 109. Let j be 16*-3*28/n. Suppose -267 = -q + j. Is q a composite number?
False
Let w(s) = 3*s + 4. Let k(g) = -g. Let v(f) = 2*k(f) - w(f). Let i(r) = -r - 5. Let q be i(0). Is v(q) a composite number?
True
Let y = -86 - -58. Let g = y + 47. Is g*2*11/22 prime?
True
Suppose -3*u - 4*x = -2*x - 26525, -4*u + x + 35374 = 0. Is u prime?
False
Let t be (6/(-4) - 1)*-36. Let g be -6 - (-114)/(3 + -6). Let r = g + t. Is r a composite number?
True
Let c = 30 + -28. Suppose -2*o = -6 - c. Suppose 0*t = -t - g + 42, -60 = -2*t + o*g. Is t composite?
True
Suppose -14*x + 80 = -10*x. Let s(c) = 5*c - 29. Is s(x) a composite number?
False
Let t(a) = -3*a**2 + 4*a - 3. Let o be t(3). Is (-4)/o + ((-7325)/(-45) - 0) prime?
True
Suppose o - 4*l - 12292 = -3*l, -4*o - l + 49153 = 0. Is o a prime number?
True
Let c(r) = 49907*r - 7. Let x be c(2). Suppose 68880 = 9*u - x. Is u prime?
True
Suppose 0 = -3*u + 3*c + 22338, -79*c + 74*c + 22378 = 3*u. Is u composite?
False
Let w = 766 - -1335. Is w prime?
False
Let x = 15 + -10. Suppose 15*l - 30 = 5*l. Suppose -4*w = l*r - 369, x*w = -24 + 9. Is r a composite number?
False
Is (-1 - (-15)/10)*(-51006)/(-3) prime?
True
Suppose -2*l = -u + 5*u - 8, 5*l + 5*u - 5 = 0. Let o(c) = 450*c**2 - c - 1. Is o(l) a prime number?
True
Suppose -894063 = -32*c + 206129. Is c composite?
False
Let o = -1186 + 716. Let f = o + 849. Is f prime?
True
Suppose -4*u = -0*u - 36. Suppose 0 = u*c - 6*c - 597. Is c a prime number?
True
Let t(g) = 3*g**2 - 15*g - 55. Is t(-5) prime?
False
Suppose 5*x + 4*y = 88693, -5*x + 88696 = 6*y - 3*y. Is x prime?
False
Let k = -53173 + 92076. Is k a prime number?
True
Let f(t) = -13*t**2 - 3*t + 13. Let k be f(-6). Let x = k - -654. Is x composite?
True
Let i = -33 + 20. Let l(v) = -2*v**2 + 13*v + 22. Let k(h) = -h**2 + 2*h + 2. Let s(t) = -4*k(t) + l(t). Is s(i) prime?
False
Suppose -3*c + 31 = 5*s + c, -5*s + 2*c = -7. Suppose -9*f + 4*q + 1013 = -4*f, -f + s*q = -196. Is f composite?
True
Let p(b) = -7 + 16 - 6*b**2 + 7 + 15*b + 21*b**2 + b**3. Let f be p(-14). Suppose f*m - 631 = -3*o, 0 = o + m + 29 - 239. Is o a prime number?
True
Suppose 3*i + 0*p - 2639 = 4*p, 5*p + 4395 = 5*i. Let f = i + 224. Is f prime?
False
Let n = -444 - -653. Let z = -126 + n. Is z a composite number?
False
Suppose 0 = -5*u - y - 3028 - 11964, y - 14988 = 5*u. Is (4 - 27/6)*(0 + u) a prime number?
True
Let u be 0/((-2)/(-4)*(8 + -4)). Suppose 5*b = -4*x - 3 + 246, u = 2*x + 6. Is b composite?
True
Suppose -y + 2*y - 453 = -5*n, -2*y + 938 = 2*n. Suppose -2*g = -4*b - 0*b - 934, g + 4*b = y. Is g a composite number?
True
Let d = 19 - 16. Let v be (6/3 - d) + 3. Is (-1655)/10*v/(-1) a composite number?
False
Let z(g) = g**2 - 4*g. Let d be z(5). Suppose -d + 0 = -u. Suppose 2*t = 2*p - 5*p + 155, 29 = p - u*t. Is p prime?
False
Suppose 3*t + 5*o - 34 = 0, -4*